[INFO] cloning repository https://github.com/elba/website
[INFO] running `Command { std: "git" "-c" "credential.helper=" "-c" "credential.helper=/workspace/cargo-home/bin/git-credential-null" "clone" "--bare" "https://github.com/elba/website" "/workspace/cache/git-repos/https%3A%2F%2Fgithub.com%2Felba%2Fwebsite", kill_on_drop: false }`
[INFO] [stderr] Cloning into bare repository '/workspace/cache/git-repos/https%3A%2F%2Fgithub.com%2Felba%2Fwebsite'...
[INFO] running `Command { std: "git" "rev-parse" "HEAD", kill_on_drop: false }`
[INFO] [stdout] ea397170a36318dde17d64e9cbc4c9295175d80d
[INFO] checking elba/website against master#cfbc6d4cf1acbac5c025acf8ed68929caa551df3 for pr-75494-beta
[INFO] running `Command { std: "git" "clone" "/workspace/cache/git-repos/https%3A%2F%2Fgithub.com%2Felba%2Fwebsite" "/workspace/builds/worker-9/source", kill_on_drop: false }`
[INFO] [stderr] Cloning into '/workspace/builds/worker-9/source'...
[INFO] [stderr] done.
[INFO] validating manifest of git repo https://github.com/elba/website on toolchain cfbc6d4cf1acbac5c025acf8ed68929caa551df3
[INFO] running `Command { std: "/workspace/cargo-home/bin/cargo" "+cfbc6d4cf1acbac5c025acf8ed68929caa551df3" "read-manifest" "--manifest-path" "Cargo.toml", kill_on_drop: false }`
[INFO] started tweaking git repo https://github.com/elba/website
[INFO] finished tweaking git repo https://github.com/elba/website
[INFO] tweaked toml for git repo https://github.com/elba/website written to /workspace/builds/worker-9/source/Cargo.toml
[INFO] crate git repo https://github.com/elba/website already has a lockfile, it will not be regenerated
[INFO] running `Command { std: "/workspace/cargo-home/bin/cargo" "+cfbc6d4cf1acbac5c025acf8ed68929caa551df3" "fetch" "--locked" "--manifest-path" "Cargo.toml", kill_on_drop: false }`
[INFO] [stderr]     Updating git repository `https://github.com/elba/elba.git`
[INFO] [stderr]  Downloading crates ...
[INFO] [stderr]   Downloaded rusoto_core v0.37.0
[INFO] [stderr]   Downloaded rusoto_credential v0.16.0
[INFO] [stderr]   Downloaded symlink v0.1.0
[INFO] [stderr]   Downloaded config v0.9.2
[INFO] [stderr]   Downloaded rusoto_s3 v0.37.0
[INFO] [stderr]   Downloaded signal-hook v0.1.8
[INFO] [stderr]   Downloaded tokio-process v0.2.3
[INFO] [stderr]   Downloaded strsim v0.9.1
[INFO] [stderr]   Downloaded redox_syscall v0.1.52
[INFO] [stderr]   Downloaded directories v1.0.2
[INFO] [stderr]   Downloaded shell-escape v0.1.4
[INFO] [stderr]   Downloaded arc-swap v0.3.8
[INFO] [stderr]   Downloaded fwdansi v1.0.1
[INFO] [stderr]   Downloaded tokio-async-await v0.1.6
[INFO] [stderr]   Downloaded cc v1.0.34
[INFO] [stderr]   Downloaded actix-web v0.7.19
[INFO] [stderr]   Downloaded git2 v0.7.5
[INFO] [stderr]   Downloaded ignore v0.4.6
[INFO] [stderr]   Downloaded tar v0.4.22
[INFO] [stderr]   Downloaded curl-sys v0.4.17
[INFO] [stderr]   Downloaded semver_constraints v0.1.0
[INFO] [stderr]   Downloaded reqwest v0.9.13
[INFO] [stderr]   Downloaded simsearch v0.1.2
[INFO] [stderr]   Downloaded libgit2-sys v0.7.11
[INFO] running `Command { std: "docker" "create" "-v" "/var/lib/crater-agent-workspace/builds/worker-9/target:/opt/rustwide/target:rw,Z" "-v" "/var/lib/crater-agent-workspace/builds/worker-9/source:/opt/rustwide/workdir:ro,Z" "-v" "/var/lib/crater-agent-workspace/cargo-home:/opt/rustwide/cargo-home:ro,Z" "-v" "/var/lib/crater-agent-workspace/rustup-home:/opt/rustwide/rustup-home:ro,Z" "-e" "SOURCE_DIR=/opt/rustwide/workdir" "-e" "CARGO_TARGET_DIR=/opt/rustwide/target" "-e" "CARGO_HOME=/opt/rustwide/cargo-home" "-e" "RUSTUP_HOME=/opt/rustwide/rustup-home" "-w" "/opt/rustwide/workdir" "-m" "1610612736" "--user" "0:0" "--network" "none" "rustops/crates-build-env@sha256:a636fd89d022f18117e1dc8fb37a0a009933cdbbe082814857f0e2024962d47c" "/opt/rustwide/cargo-home/bin/cargo" "+cfbc6d4cf1acbac5c025acf8ed68929caa551df3" "metadata" "--no-deps" "--format-version=1", kill_on_drop: false }`
[INFO] [stdout] 3e5a8b5c30f279fa706b48f2a997288e00ea9ec90554c310332cc94f0a14de96
[INFO] [stderr] WARNING: Your kernel does not support swap limit capabilities or the cgroup is not mounted. Memory limited without swap.
[INFO] running `Command { std: "docker" "start" "-a" "3e5a8b5c30f279fa706b48f2a997288e00ea9ec90554c310332cc94f0a14de96", kill_on_drop: false }`
[INFO] running `Command { std: "docker" "inspect" "3e5a8b5c30f279fa706b48f2a997288e00ea9ec90554c310332cc94f0a14de96", kill_on_drop: false }`
[INFO] running `Command { std: "docker" "rm" "-f" "3e5a8b5c30f279fa706b48f2a997288e00ea9ec90554c310332cc94f0a14de96", kill_on_drop: false }`
[INFO] [stdout] 3e5a8b5c30f279fa706b48f2a997288e00ea9ec90554c310332cc94f0a14de96
[INFO] running `Command { std: "docker" "create" "-v" "/var/lib/crater-agent-workspace/builds/worker-9/target:/opt/rustwide/target:rw,Z" "-v" "/var/lib/crater-agent-workspace/builds/worker-9/source:/opt/rustwide/workdir:ro,Z" "-v" "/var/lib/crater-agent-workspace/cargo-home:/opt/rustwide/cargo-home:ro,Z" "-v" "/var/lib/crater-agent-workspace/rustup-home:/opt/rustwide/rustup-home:ro,Z" "-e" "SOURCE_DIR=/opt/rustwide/workdir" "-e" "CARGO_TARGET_DIR=/opt/rustwide/target" "-e" "CARGO_INCREMENTAL=0" "-e" "RUST_BACKTRACE=full" "-e" "RUSTFLAGS=--cap-lints=forbid" "-e" "CARGO_HOME=/opt/rustwide/cargo-home" "-e" "RUSTUP_HOME=/opt/rustwide/rustup-home" "-w" "/opt/rustwide/workdir" "-m" "1610612736" "--user" "0:0" "--network" "none" "rustops/crates-build-env@sha256:a636fd89d022f18117e1dc8fb37a0a009933cdbbe082814857f0e2024962d47c" "/opt/rustwide/cargo-home/bin/cargo" "+cfbc6d4cf1acbac5c025acf8ed68929caa551df3" "check" "--frozen" "--all" "--all-targets" "--message-format=json", kill_on_drop: false }`
[INFO] [stderr] WARNING: Your kernel does not support swap limit capabilities or the cgroup is not mounted. Memory limited without swap.
[INFO] [stdout] 3764033a75d3de9df249a8e1f28d4a94621c1921caf01986957e2d58845f0c4f
[INFO] running `Command { std: "docker" "start" "-a" "3764033a75d3de9df249a8e1f28d4a94621c1921caf01986957e2d58845f0c4f", kill_on_drop: false }`
[INFO] [stderr]     Blocking waiting for file lock on package cache
[INFO] [stderr]    Compiling libc v0.2.51
[INFO] [stderr]     Checking cfg-if v0.1.7
[INFO] [stderr]    Compiling serde v1.0.90
[INFO] [stderr]    Compiling cc v1.0.34
[INFO] [stderr]     Checking lazy_static v1.3.0
[INFO] [stderr]    Compiling semver-parser v0.7.0
[INFO] [stderr]    Compiling autocfg v0.1.2
[INFO] [stderr]     Checking rand_core v0.4.0
[INFO] [stderr]    Compiling byteorder v1.3.1
[INFO] [stderr]     Checking scopeguard v0.3.3
[INFO] [stderr]     Checking smallvec v0.6.9
[INFO] [stderr]    Compiling version_check v0.1.5
[INFO] [stderr]     Checking futures v0.1.26
[INFO] [stderr]    Compiling proc-macro2 v0.4.27
[INFO] [stderr]     Checking stable_deref_trait v1.1.1
[INFO] [stderr]    Compiling memchr v2.2.0
[INFO] [stderr]    Compiling pkg-config v0.3.14
[INFO] [stderr]    Compiling syn v0.15.30
[INFO] [stderr]     Checking slab v0.4.2
[INFO] [stderr]    Compiling arrayvec v0.4.10
[INFO] [stderr]     Checking nodrop v0.1.13
[INFO] [stderr]     Checking encoding_index_tests v0.1.4
[INFO] [stderr]     Checking memoffset v0.2.1
[INFO] [stderr]     Checking matches v0.1.8
[INFO] [stderr]     Checking percent-encoding v1.0.1
[INFO] [stderr]    Compiling regex v1.1.5
[INFO] [stderr]     Checking bitflags v1.0.4
[INFO] [stderr]     Checking ucd-util v0.1.3
[INFO] [stderr]     Checking itoa v0.4.3
[INFO] [stderr]     Checking utf8-ranges v1.0.2
[INFO] [stderr]    Compiling failure_derive v0.1.5
[INFO] [stderr]     Checking rustc-demangle v0.1.13
[INFO] [stderr]    Compiling openssl v0.10.20
[INFO] [stderr]    Compiling ryu v0.2.7
[INFO] [stderr]     Checking openssl-probe v0.1.2
[INFO] [stderr]    Compiling native-tls v0.2.2
[INFO] [stderr]    Compiling httparse v1.3.3
[INFO] [stderr]    Compiling typenum v1.10.0
[INFO] [stderr]     Checking arc-swap v0.3.8
[INFO] [stderr]    Compiling siphasher v0.2.3
[INFO] [stderr]    Compiling num-integer v0.1.39
[INFO] [stderr]     Checking string v0.1.3
[INFO] [stderr]     Checking try-lock v0.2.2
[INFO] [stderr]     Checking linked-hash-map v0.5.2
[INFO] [stderr]    Compiling build_const v0.2.1
[INFO] [stderr]     Checking quick-error v1.2.2
[INFO] [stderr]     Checking either v1.5.2
[INFO] [stderr]    Compiling crc32fast v1.2.0
[INFO] [stderr]     Checking adler32 v1.0.3
[INFO] [stderr]     Checking byte-tools v0.2.0
[INFO] [stderr]    Compiling slog v2.4.1
[INFO] [stderr]     Checking safemem v0.3.0
[INFO] [stderr]     Checking crossbeam-utils v0.5.0
[INFO] [stderr]     Checking arrayref v0.3.5
[INFO] [stderr]     Checking unicode-width v0.1.5
[INFO] [stderr]    Compiling encoding_rs v0.8.17
[INFO] [stderr]     Checking constant_time_eq v0.1.3
[INFO] [stderr]     Checking dtoa v0.4.3
[INFO] [stderr]     Checking fake-simd v0.1.2
[INFO] [stderr]     Checking shlex v0.1.1
[INFO] [stderr]     Checking antidote v1.0.0
[INFO] [stderr]     Checking same-file v1.0.4
[INFO] [stderr]     Checking untrusted v0.6.2
[INFO] [stderr]    Compiling pq-sys v0.4.6
[INFO] [stderr]     Checking vec_map v0.8.1
[INFO] [stderr]     Checking fixedbitset v0.1.9
[INFO] [stderr]     Checking take_mut v0.2.2
[INFO] [stderr]     Checking strsim v0.7.0
[INFO] [stderr]     Checking md5 v0.3.8
[INFO] [stderr]     Checking ordermap v0.3.5
[INFO] [stderr]     Checking ansi_term v0.11.0
[INFO] [stderr]     Checking symlink v0.1.0
[INFO] [stderr]     Checking language-tags v0.2.2
[INFO] [stderr]     Checking sha1 v0.6.0
[INFO] [stderr]     Checking shell-escape v0.1.4
[INFO] [stderr]     Checking termcolor v1.0.4
[INFO] [stderr]     Checking log v0.4.6
[INFO] [stderr]     Checking crossbeam-utils v0.6.5
[INFO] [stderr]     Checking thread_local v0.3.6
[INFO] [stderr]     Checking tokio-trace-core v0.1.0
[INFO] [stderr]     Checking owning_ref v0.4.0
[INFO] [stderr]     Checking unicode-normalization v0.1.8
[INFO] [stderr]     Checking rand_core v0.3.1
[INFO] [stderr]     Checking rand_jitter v0.1.3
[INFO] [stderr]     Checking encoding-index-korean v1.20141219.5
[INFO] [stderr]     Checking encoding-index-japanese v1.20141219.5
[INFO] [stderr]     Checking encoding-index-singlebyte v1.20141219.5
[INFO] [stderr]     Checking encoding-index-tradchinese v1.20141219.5
[INFO] [stderr]     Checking encoding-index-simpchinese v1.20141219.5
[INFO] [stderr]     Checking unicode-bidi v0.3.4
[INFO] [stderr]     Checking xml-rs v0.7.0
[INFO] [stderr]    Compiling unicase v1.4.2
[INFO] [stderr]    Compiling nom v4.2.3
[INFO] [stderr]    Compiling unicase v2.3.0
[INFO] [stderr]    Compiling v_escape v0.7.2
[INFO] [stderr]    Compiling actix-web v0.7.19
[INFO] [stderr]     Checking regex-syntax v0.6.6
[INFO] [stderr]    Compiling rand_chacha v0.1.1
[INFO] [stderr]    Compiling rand_pcg v0.1.2
[INFO] [stderr]    Compiling rand v0.6.5
[INFO] [stderr]    Compiling backtrace v0.3.15
[INFO] [stderr]     Checking humantime v1.2.0
[INFO] [stderr]     Checking itertools v0.7.11
[INFO] [stderr]     Checking itertools v0.8.0
[INFO] [stderr]     Checking lru-cache v0.1.2
[INFO] [stderr]     Checking yaml-rust v0.4.3
[INFO] [stderr]     Checking miniz_oxide v0.2.1
[INFO] [stderr]     Checking block-buffer v0.3.3
[INFO] [stderr]     Checking textwrap v0.10.0
[INFO] [stderr]    Compiling crc v1.8.1
[INFO] [stderr]     Checking scheduled-thread-pool v0.2.0
[INFO] [stderr]     Checking walkdir v2.2.7
[INFO] [stderr]     Checking rand_hc v0.1.0
[INFO] [stderr]     Checking rand_isaac v0.1.1
[INFO] [stderr]     Checking rand_xorshift v0.1.1
[INFO] [stderr]     Checking lock_api v0.1.5
[INFO] [stderr]     Checking tokio-sync v0.1.4
[INFO] [stderr]     Checking want v0.0.6
[INFO] [stderr]     Checking tower-service v0.1.0
[INFO] [stderr]     Checking petgraph v0.4.13
[INFO] [stderr]     Checking tokio-executor v0.1.7
[INFO] [stderr]     Checking crossbeam-queue v0.1.2
[INFO] [stderr]     Checking crossbeam-channel v0.3.8
[INFO] [stderr]    Compiling backtrace-sys v0.1.28
[INFO] [stderr]    Compiling libz-sys v1.0.25
[INFO] [stderr]    Compiling miniz-sys v0.1.11
[INFO] [stderr]    Compiling curl-sys v0.4.17
[INFO] [stderr]    Compiling miniz_oxide_c_api v0.2.1
[INFO] [stderr]    Compiling libssh2-sys v0.2.11
[INFO] [stderr]    Compiling brotli-sys v0.3.2
[INFO] [stderr]    Compiling libgit2-sys v0.7.11
[INFO] [stderr]    Compiling ring v0.13.5
[INFO] [stderr]     Checking encoding v0.2.33
[INFO] [stderr]     Checking num-traits v0.1.43
[INFO] [stderr]     Checking idna v0.1.5
[INFO] [stderr]     Checking tokio-timer v0.2.10
[INFO] [stderr]     Checking tokio-current-thread v0.1.6
[INFO] [stderr]    Compiling rand_os v0.1.3
[INFO] [stderr]     Checking iovec v0.1.2
[INFO] [stderr]     Checking num_cpus v1.10.0
[INFO] [stderr]     Checking net2 v0.2.33
[INFO] [stderr]     Checking time v0.1.42
[INFO] [stderr]     Checking rand v0.5.6
[INFO] [stderr]     Checking signal-hook v0.1.8
[INFO] [stderr]     Checking socket2 v0.3.8
[INFO] [stderr]     Checking dirs v1.0.5
[INFO] [stderr]     Checking hostname v0.1.5
[INFO] [stderr]     Checking atty v0.2.11
[INFO] [stderr]     Checking filetime v0.2.4
[INFO] [stderr]     Checking termios v0.3.1
[INFO] [stderr]     Checking xattr v0.2.2
[INFO] [stderr]     Checking clicolors-control v0.2.0
[INFO] [stderr]     Checking isatty v0.1.9
[INFO] [stderr]     Checking fs2 v0.4.3
[INFO] [stderr]     Checking rand v0.4.6
[INFO] [stderr]     Checking directories v1.0.2
[INFO] [stderr]    Compiling quote v0.6.11
[INFO] [stderr]     Checking base64 v0.9.3
[INFO] [stderr]     Checking base64 v0.10.1
[INFO] [stderr]     Checking hashbrown v0.1.8
[INFO] [stderr]     Checking aho-corasick v0.7.3
[INFO] [stderr]     Checking aho-corasick v0.6.10
[INFO] [stderr]     Checking crossbeam-epoch v0.7.1
[INFO] [stderr]     Checking crossbeam-epoch v0.6.1
[INFO] [stderr]     Checking crossbeam-epoch v0.5.2
[INFO] [stderr]     Checking ndarray v0.12.1
[INFO] [stderr]     Checking slog-async v2.3.0
[INFO] [stderr]    Compiling phf_shared v0.7.24
[INFO] [stderr]     Checking bytes v0.4.12
[INFO] [stderr]     Checking futures-cpupool v0.1.8
[INFO] [stderr]     Checking mime v0.3.13
[INFO] [stderr]     Checking url v1.7.2
[INFO] [stderr]     Checking resolv-conf v0.6.2
[INFO] [stderr]     Checking clap v2.32.0
[INFO] [stderr]     Checking term v0.5.2
[INFO] [stderr]     Checking generic-array v0.9.0
[INFO] [stderr]     Checking mio v0.6.16
[INFO] [stderr]     Checking tar v0.4.22
[INFO] [stderr]     Checking crossbeam-deque v0.7.1
[INFO] [stderr]     Checking crossbeam-deque v0.5.2
[INFO] [stderr]     Checking phf v0.7.24
[INFO] [stderr]     Checking tempdir v0.3.7
[INFO] [stderr]     Checking tokio-io v0.1.12
[INFO] [stderr]     Checking http v0.1.16
[INFO] [stderr]     Checking digest v0.7.6
[INFO] [stderr]     Checking crypto-mac v0.5.2
[INFO] [stderr]     Checking mio-uds v0.6.7
[INFO] [stderr]     Checking flate2 v1.0.7
[INFO] [stderr]     Checking sha2 v0.7.1
[INFO] [stderr]     Checking hmac v0.5.0
[INFO] [stderr]     Checking tokio-codec v0.1.1
[INFO] [stderr]     Checking tokio-async-await v0.1.6
[INFO] [stdout] error[E0557]: feature has been removed
[INFO] [stdout]  --> /opt/rustwide/cargo-home/registry/src/github.com-1ecc6299db9ec823/tokio-async-await-0.1.6/src/lib.rs:2:44
[INFO] [stdout]   |
[INFO] [stdout] 2 | #![feature(rust_2018_preview, async_await, await_macro, futures_api)]
[INFO] [stdout]   |                                            ^^^^^^^^^^^ feature has been removed
[INFO] [stdout]   |
[INFO] [stdout]   = note: subsumed by `.await` syntax
[INFO] [stdout] 
[INFO] [stdout] 
[INFO] [stdout] error[E0432]: unresolved import `std::await`
[INFO] [stdout]   --> /opt/rustwide/cargo-home/registry/src/github.com-1ecc6299db9ec823/tokio-async-await-0.1.6/src/lib.rs:67:9
[INFO] [stdout]    |
[INFO] [stdout] 67 | pub use std::await as std_await;
[INFO] [stdout]    |         ^^^^^^^^^^^^^^^^^^^^^^^ no `await` in the root
[INFO] [stdout] 
[INFO] [stdout] 
[INFO] [stdout] error[E0554]: `#![feature]` may not be used on the beta release channel
[INFO] [stdout]  --> /opt/rustwide/cargo-home/registry/src/github.com-1ecc6299db9ec823/tokio-async-await-0.1.6/src/lib.rs:2:1
[INFO] [stdout]   |
[INFO] [stdout] 2 | #![feature(rust_2018_preview, async_await, await_macro, futures_api)]
[INFO] [stdout]   | ^^^^^^^^^^^^^^^^^^^^^^^^^^^^^^^^^^^^^^^^^^^^^^^^^^^^^^^^^^^^^^^^^^^^^
[INFO] [stdout] 
[INFO] [stdout] 
[INFO] [stdout] error[E0063]: missing field `wake_by_ref` in initializer of `std::task::RawWakerVTable`
[INFO] [stdout]   --> /opt/rustwide/cargo-home/registry/src/github.com-1ecc6299db9ec823/tokio-async-await-0.1.6/src/compat/backward.rs:79:43
[INFO] [stdout]    |
[INFO] [stdout] 79 | const NOOP_WAKER_VTABLE: RawWakerVTable = RawWakerVTable {
[INFO] [stdout]    |                                           ^^^^^^^^^^^^^^ missing `wake_by_ref`
[INFO] [stdout] 
[INFO] [stdout] 
[INFO] [stdout] error[E0053]: method `poll` has an incompatible type for trait
[INFO] [stdout]   --> /opt/rustwide/cargo-home/registry/src/github.com-1ecc6299db9ec823/tokio-async-await-0.1.6/src/compat/forward.rs:56:5
[INFO] [stdout]    |
[INFO] [stdout] 56 |     fn poll(mut self: Pin<&mut Self>, _waker: &Waker) -> StdPoll<Self::Output> {
[INFO] [stdout]    |     ^^^^^^^^^^^^^^^^^^^^^^^^^^^^^^^^^^^^^^^^^^^^^^^^^^^^^^^^^^^^^^^^^^^^^^^^^^ types differ in mutability
[INFO] [stdout]    |
[INFO] [stdout]    = note: expected fn pointer `fn(std::pin::Pin<&mut compat::forward::Compat<T>>, &mut std::task::Context<'_>) -> std::task::Poll<_>`
[INFO] [stdout]               found fn pointer `fn(std::pin::Pin<&mut compat::forward::Compat<T>>, &std::task::Waker) -> std::task::Poll<_>`
[INFO] [stdout] 
[INFO] [stdout] 
[INFO] [stdout] error[E0053]: method `poll` has an incompatible type for trait
[INFO] [stdout]   --> /opt/rustwide/cargo-home/registry/src/github.com-1ecc6299db9ec823/tokio-async-await-0.1.6/src/io/flush.rs:26:5
[INFO] [stdout]    |
[INFO] [stdout] 26 |     fn poll(mut self: Pin<&mut Self>, _wx: &Waker) -> Poll<Self::Output> {
[INFO] [stdout]    |     ^^^^^^^^^^^^^^^^^^^^^^^^^^^^^^^^^^^^^^^^^^^^^^^^^^^^^^^^^^^^^^^^^^^^ types differ in mutability
[INFO] [stdout]    |
[INFO] [stdout]    = note: expected fn pointer `fn(std::pin::Pin<&mut io::flush::Flush<'a, T>>, &mut std::task::Context<'_>) -> std::task::Poll<_>`
[INFO] [stdout]               found fn pointer `fn(std::pin::Pin<&mut io::flush::Flush<'a, T>>, &std::task::Waker) -> std::task::Poll<_>`
[INFO] [stdout] 
[INFO] [stdout] 
[INFO] [stdout] error[E0053]: method `poll` has an incompatible type for trait
[INFO] [stdout]   --> /opt/rustwide/cargo-home/registry/src/github.com-1ecc6299db9ec823/tokio-async-await-0.1.6/src/io/read.rs:28:5
[INFO] [stdout]    |
[INFO] [stdout] 28 |     fn poll(mut self: Pin<&mut Self>, _waker: &task::Waker) -> Poll<Self::Output> {
[INFO] [stdout]    |     ^^^^^^^^^^^^^^^^^^^^^^^^^^^^^^^^^^^^^^^^^^^^^^^^^^^^^^^^^^^^^^^^^^^^^^^^^^^^^ types differ in mutability
[INFO] [stdout]    |
[INFO] [stdout]    = note: expected fn pointer `fn(std::pin::Pin<&mut io::read::Read<'a, T>>, &mut std::task::Context<'_>) -> std::task::Poll<_>`
[INFO] [stdout]               found fn pointer `fn(std::pin::Pin<&mut io::read::Read<'a, T>>, &std::task::Waker) -> std::task::Poll<_>`
[INFO] [stdout] 
[INFO] [stdout] 
[INFO] [stdout] error[E0053]: method `poll` has an incompatible type for trait
[INFO] [stdout]   --> /opt/rustwide/cargo-home/registry/src/github.com-1ecc6299db9ec823/tokio-async-await-0.1.6/src/io/read_exact.rs:33:5
[INFO] [stdout]    |
[INFO] [stdout] 33 |     fn poll(mut self: Pin<&mut Self>, _waker: &task::Waker) -> Poll<Self::Output> {
[INFO] [stdout]    |     ^^^^^^^^^^^^^^^^^^^^^^^^^^^^^^^^^^^^^^^^^^^^^^^^^^^^^^^^^^^^^^^^^^^^^^^^^^^^^ types differ in mutability
[INFO] [stdout]    |
[INFO] [stdout]    = note: expected fn pointer `fn(std::pin::Pin<&mut io::read_exact::ReadExact<'a, T>>, &mut std::task::Context<'_>) -> std::task::Poll<_>`
[INFO] [stdout]               found fn pointer `fn(std::pin::Pin<&mut io::read_exact::ReadExact<'a, T>>, &std::task::Waker) -> std::task::Poll<_>`
[INFO] [stdout] 
[INFO] [stdout] 
[INFO] [stdout] error[E0053]: method `poll` has an incompatible type for trait
[INFO] [stdout]   --> /opt/rustwide/cargo-home/registry/src/github.com-1ecc6299db9ec823/tokio-async-await-0.1.6/src/io/write.rs:28:5
[INFO] [stdout]    |
[INFO] [stdout] 28 |     fn poll(mut self: Pin<&mut Self>, _waker: &task::Waker) -> Poll<io::Result<usize>> {
[INFO] [stdout]    |     ^^^^^^^^^^^^^^^^^^^^^^^^^^^^^^^^^^^^^^^^^^^^^^^^^^^^^^^^^^^^^^^^^^^^^^^^^^^^^^^^^^ types differ in mutability
[INFO] [stdout]    |
[INFO] [stdout]    = note: expected fn pointer `fn(std::pin::Pin<&mut io::write::Write<'a, T>>, &mut std::task::Context<'_>) -> std::task::Poll<_>`
[INFO] [stdout]               found fn pointer `fn(std::pin::Pin<&mut io::write::Write<'a, T>>, &std::task::Waker) -> std::task::Poll<_>`
[INFO] [stdout] 
[INFO] [stdout] 
[INFO] [stdout] error[E0053]: method `poll` has an incompatible type for trait
[INFO] [stdout]   --> /opt/rustwide/cargo-home/registry/src/github.com-1ecc6299db9ec823/tokio-async-await-0.1.6/src/io/write_all.rs:33:5
[INFO] [stdout]    |
[INFO] [stdout] 33 |     fn poll(mut self: Pin<&mut Self>, _waker: &task::Waker) -> Poll<io::Result<()>> {
[INFO] [stdout]    |     ^^^^^^^^^^^^^^^^^^^^^^^^^^^^^^^^^^^^^^^^^^^^^^^^^^^^^^^^^^^^^^^^^^^^^^^^^^^^^^^ types differ in mutability
[INFO] [stdout]    |
[INFO] [stdout]    = note: expected fn pointer `fn(std::pin::Pin<&mut io::write_all::WriteAll<'a, T>>, &mut std::task::Context<'_>) -> std::task::Poll<_>`
[INFO] [stdout]               found fn pointer `fn(std::pin::Pin<&mut io::write_all::WriteAll<'a, T>>, &std::task::Waker) -> std::task::Poll<_>`
[INFO] [stdout] 
[INFO] [stdout] 
[INFO] [stdout] error[E0053]: method `poll` has an incompatible type for trait
[INFO] [stdout]   --> /opt/rustwide/cargo-home/registry/src/github.com-1ecc6299db9ec823/tokio-async-await-0.1.6/src/sink/send.rs:30:5
[INFO] [stdout]    |
[INFO] [stdout] 30 |     fn poll(mut self: Pin<&mut Self>, _waker: &task::Waker) -> Poll<Self::Output> {
[INFO] [stdout]    |     ^^^^^^^^^^^^^^^^^^^^^^^^^^^^^^^^^^^^^^^^^^^^^^^^^^^^^^^^^^^^^^^^^^^^^^^^^^^^^ types differ in mutability
[INFO] [stdout]    |
[INFO] [stdout]    = note: expected fn pointer `fn(std::pin::Pin<&mut sink::send::Send<'_, T>>, &mut std::task::Context<'_>) -> std::task::Poll<_>`
[INFO] [stdout]               found fn pointer `fn(std::pin::Pin<&mut sink::send::Send<'_, T>>, &std::task::Waker) -> std::task::Poll<_>`
[INFO] [stdout] 
[INFO] [stdout] 
[INFO] [stdout] error[E0053]: method `poll` has an incompatible type for trait
[INFO] [stdout]   --> /opt/rustwide/cargo-home/registry/src/github.com-1ecc6299db9ec823/tokio-async-await-0.1.6/src/stream/next.rs:24:5
[INFO] [stdout]    |
[INFO] [stdout] 24 |     fn poll(mut self: Pin<&mut Self>, _waker: &Waker) -> Poll<Self::Output> {
[INFO] [stdout]    |     ^^^^^^^^^^^^^^^^^^^^^^^^^^^^^^^^^^^^^^^^^^^^^^^^^^^^^^^^^^^^^^^^^^^^^^^ types differ in mutability
[INFO] [stdout]    |
[INFO] [stdout]    = note: expected fn pointer `fn(std::pin::Pin<&mut stream::next::Next<'a, T>>, &mut std::task::Context<'_>) -> std::task::Poll<_>`
[INFO] [stdout]               found fn pointer `fn(std::pin::Pin<&mut stream::next::Next<'a, T>>, &std::task::Waker) -> std::task::Poll<_>`
[INFO] [stdout] 
[INFO] [stdout] 
[INFO] [stderr]    Compiling phf_generator v0.7.24
[INFO] [stderr]     Checking tokio-threadpool v0.1.13
[INFO] [stdout] error[E0308]: mismatched types
[INFO] [stdout]   --> /opt/rustwide/cargo-home/registry/src/github.com-1ecc6299db9ec823/tokio-async-await-0.1.6/src/compat/backward.rs:49:40
[INFO] [stdout]    |
[INFO] [stdout] 49 |         let res = self.0.as_mut().poll(&waker);
[INFO] [stdout]    |                                        ^^^^^^ types differ in mutability
[INFO] [stdout]    |
[INFO] [stdout]    = note: expected mutable reference `&mut std::task::Context<'_>`
[INFO] [stdout]                       found reference `&std::task::Waker`
[INFO] [stdout] 
[INFO] [stdout] 
[INFO] [stdout] error[E0599]: no function or associated item named `new_unchecked` found for struct `std::task::Waker` in the current scope
[INFO] [stdout]   --> /opt/rustwide/cargo-home/registry/src/github.com-1ecc6299db9ec823/tokio-async-await-0.1.6/src/compat/backward.rs:66:21
[INFO] [stdout]    |
[INFO] [stdout] 66 |     unsafe { Waker::new_unchecked(noop_raw_waker()) }
[INFO] [stdout]    |                     ^^^^^^^^^^^^^ function or associated item not found in `std::task::Waker`
[INFO] [stdout] 
[INFO] [stdout] 
[INFO] [stderr]     Checking uuid v0.7.4
[INFO] [stdout] error: aborting due to 14 previous errors
[INFO] [stdout] 
[INFO] [stdout] 
[INFO] [stdout] Some errors have detailed explanations: E0053, E0063, E0308, E0432, E0554, E0557, E0599.
[INFO] [stdout] 
[INFO] [stdout] For more information about an error, try `rustc --explain E0053`.
[INFO] [stdout] 
[INFO] [stderr] error: could not compile `tokio-async-await`.
[INFO] [stderr] 
[INFO] [stderr] To learn more, run the command again with --verbose.
[INFO] [stderr] warning: build failed, waiting for other jobs to finish...
[INFO] [stderr] error: build failed
[INFO] running `Command { std: "docker" "inspect" "3764033a75d3de9df249a8e1f28d4a94621c1921caf01986957e2d58845f0c4f", kill_on_drop: false }`
[INFO] running `Command { std: "docker" "rm" "-f" "3764033a75d3de9df249a8e1f28d4a94621c1921caf01986957e2d58845f0c4f", kill_on_drop: false }`
[INFO] [stdout] 3764033a75d3de9df249a8e1f28d4a94621c1921caf01986957e2d58845f0c4f
